(i). What are the prime factors of j(2)?
23
Suppose 8*n + 315 = -n. What are the prime factors of (-7)/(n/(-25))*-31?
5, 31
What are the prime factors of 179 - 2*(-5 + (-27)/(-6))?
2, 3, 5
What are the prime factors of (-144)/(-48)*(-56)/(-6)?
2, 7
Let y be (-2)/(-5) - (-108)/30. Suppose 5*j + 5*d + 63 + 22 = 0, -5*j - 86 = y*d. List the prime factors of (j/(-10))/((-16)/(-240)).
3
Let d(q) = -6*q**2 + q + 6*q**2 - 2*q**2 + q + 3*q**2 + 2. Let r(m) = -m**2 - 3*m - 2. Let u be r(-3). List the prime factors of d(u).
2
What are the prime factors of (56/420 - 1453/(-15)) + 3?
2, 5
Let i(o) be the first derivative of -o**4/4 + 31*o**3/3 + 33*o**2/2 + 17*o + 49. List the prime factors of i(32).
7
Let g = 8 - 12. Let c(y) = -y**3 + 2*y**2 + 9*y + 6. What are the prime factors of c(g)?
2, 3, 11
Let j be 4/(-6)*-6 + 0 + -1. Suppose -4*b + 331 = -u - 751, -5*b - j*u + 1361 = 0. What are the prime factors of b?
271
Let f(l) = -3*l + 2. Let a be f(-1). Suppose -7 = -3*h + a. Suppose -r + 3*r + j = 117, 4*r = h*j + 204. List the prime factors of r.
2, 7
Suppose 0 = -0*f + 3*f. Suppose 3*j = -15, 3*k = 5*k - 3*j - 279. Suppose f*l + 4*l = k. List the prime factors of l.
3, 11
Suppose 3*i + 0*i = -3*y - 3, y = 4*i + 19. List the prime factors of (-15)/i - 6/(-24).
2
What are the prime factors of (15/(-15))/(1/(-28))?
2, 7
Let r(m) = m**3 - 4*m**2 - m - 1. Let v(w) = -2*w**3 + 7*w**2 + w + 1. Let y(b) = -5*r(b) - 2*v(b). Suppose -2*p + 0*p + 12 = 0. List the prime factors of y(p).
3, 7
Suppose -4*h + 4*o = 220, h + 122 = -h + 5*o. Let v be 598/(-8) - 35/28. Let j = h - v. What are the prime factors of j?
5
Suppose 0 = z + 3*b - 1283, 8*b - 1265 = -z + 11*b. What are the prime factors of z?
2, 7, 13
Let g = -18 + 26. Suppose 0 = 2*y + g - 2. List the prime factors of y/((-9)/57)*1.
19
Let j(q) = -3*q - 16. Let s(l) = -9*l - 49. Let m(g) = -11*j(g) + 4*s(g). Suppose -i = -2, 5*p + 41 = -i + 3. What are the prime factors of m(p)?
2
Let i(p) = 3*p**2 - 8*p + 9. Let x(z) = -13*z**2 + 31*z - 36. Let h(q) = 9*i(q) + 2*x(q). List the prime factors of h(10).
3
Let p = 27 + 0. Suppose 3*u = 135 + p. List the prime factors of u.
2, 3
Suppose -2*v + 4*x = 124, -223 + 57 = 3*v - 2*x. What are the prime factors of (-10)/6*(v + 28)?
2, 5
Let p = -502 - -1246. Suppose -1335 = -7*t + p. List the prime factors of t.
3, 11
Suppose -5*i = -25, -4*i = 2*g - 5*g + 18583. What are the prime factors of g?
3, 13, 53
Let x(d) = -4*d + 3. Let p be -1 + 1*28 + 2. Suppose -p = 5*k - 9. What are the prime factors of x(k)?
19
Let j = 441 + -235. What are the prime factors of j?
2, 103
Let d(f) = -2*f**2 + 2*f - 116. Let n be d(0). Let t = 335 + n. What are the prime factors of t?
3, 73
Let h(f) = -7*f - 1. Let w be h(1). Let s = -4 - w. Suppose -23 = -s*b + 33. What are the prime factors of b?
2, 7
Suppose 3*z = 3*n - 1281, -5*n = 3*z - 2488 + 353. What are the prime factors of n?
7, 61
Let m(p) = -p**2 + 6*p. Let h be m(6). Suppose 0*b - b + 16 = h. List the prime factors of b - -1*(-12)/(-4).
19
Suppose -5*f + 650 = 5*o, -2*f - 5*o + 192 + 77 = 0. List the prime factors of f.
127
Let s(o) = -2*o**2 + 2*o + 785. What are the prime factors of s(0)?
5, 157
Let w = 2281 - 1345. List the prime factors of w.
2, 3, 13
Suppose 3 + 5 = 4*j. Suppose 4*y = j + 2. Suppose 3*s + 3*f - y = 17, -3*f - 18 = -3*s. List the prime factors of s.
2, 3
Suppose 0 = 5*y - g - 15, 3*g + 4 + 7 = -2*y. What are the prime factors of (-448)/(-77) + y/11?
2, 3
Suppose 0 = -33*b + 32*b + 304. List the prime factors of b.
2, 19
Let n = 747 - 523. Suppose -4*o + n = h, 2*o + h = 4*o - 118. List the prime factors of o.
3, 19
Let r(j) = -j**2 - j. Let q(m) = 2*m**2 + 2*m. Let f(u) = -3*q(u) - 7*r(u). What are the prime factors of f(7)?
2, 7
Let m(b) = -b**3 + 15*b**2 - 20*b - 3. List the prime factors of m(9).
3, 101
Let y(t) = -t**3 - 2*t**2 - t. Let j(q) = q - 5. Let d be j(4). Let n be y(d). Suppose n*h - 90 = -2*h. What are the prime factors of h?
3, 5
Let u(t) = -48*t - 60. What are the prime factors of u(-12)?
2, 3, 43
Let h = -123 + 358. Let p = h - 129. Suppose 3*f - p = -4*u, -4*f - 5*u + 114 + 26 = 0. What are the prime factors of f?
2, 3, 5
Let p(a) = -6*a**3 - 3*a - 3. Let u be p(-2). Suppose 0 = -u*l + 50*l + 4. List the prime factors of l.
2
Suppose -3*n + 198 = -123. Suppose 2*w = -4, w + n = -8*u + 3*u. Let s = u + 44. What are the prime factors of s?
23
List the prime factors of (-2881)/(-1) + -10 + 14.
5, 577
Suppose 9*i = 7*i + 8. Suppose -i*t = t. Suppose 0*v - 5*v + 80 = t. List the prime factors of v.
2
Let t(l) = -l**3 - 7*l**2 - 10*l - 10. Let f be t(-4). What are the prime factors of f*3/(-6) - 2?
7
Let y(r) = -3*r**2 - r - 1. Let f be y(3). Suppose 2*m - 200 = -4*s - 0*m, -4*s + 192 = 4*m. Let z = f + s. List the prime factors of z.
3, 7
Let q(k) = -2*k**2 - 21*k + 3. Let z be q(-10). List the prime factors of (z + -5)*19 - (1 - -1).
2, 3, 5
Let l(s) = -26*s + 1141. What are the prime factors of l(0)?
7, 163
Suppose -4*x - f = -0*x - 5, -4 = x + 2*f. Let r = 25 - 28. What are the prime factors of (3 - x)*(-27)/r?
3
What are the prime factors of (1 - (-5546)/10)/((-330)/(-1100))?
2, 463
Suppose -5*l - 19 = -4*k + 1, -3*k - 20 = 5*l. Suppose -2*w = 5*f - 18, k*f + 36 = 4*w + 2*f. What are the prime factors of w?
3
Let c = 62 - 11. Suppose 6*j - 4*n = 5*j + c, n + 3 = 0. What are the prime factors of j?
3, 13
Let u be (-140)/(-25) + 4/10. Suppose -2*n + q = -u + 3, 8 = 5*n - 3*q. Let a(j) = 21*j**2 + 2*j - 2. What are the prime factors of a(n)?
3, 7
Let z be (-165)/(2 - 1) + (-4)/4. Let k = z - -247. List the prime factors of k.
3
Let h(q) = 25*q - 12*q + 5*q - 21 + 10*q. List the prime factors of h(4).
7, 13
Let p be 2/(2/(-36)*-3). Let j = p + -13. What are the prime factors of 1 + 0 + 0 - j?
2
Let m be (13/(-3) + 4)*-117. Let x = -18 + m. List the prime factors of x.
3, 7
Suppose 3705 - 16949 = -11*y. List the prime factors of y.
2, 7, 43
What are the prime factors of (108/72)/(6/860)?
5, 43
Let r = -36 - 8. List the prime factors of (-231)/r*(-12)/(-1).
3, 7
Suppose 0 = 11*n - 4171 + 508. What are the prime factors of n?
3, 37
Let t(g) = 3 - g - 2 + 0*g. Let m be t(-2). What are the prime factors of 1/((m/51)/1)?
17
Suppose 0 = -b - 0*b - 96. Let i = 139 + b. Suppose 4*p - 5*s - i = 0, -5*s + 2*s + 32 = p. List the prime factors of p.
17
Suppose 2*g + 20*c - 5068 = 18*c, -12698 = -5*g + 2*c. List the prime factors of g.
2, 3, 47
Let o(y) = 11*y + 19*y - 3 + 33*y. List the prime factors of o(2).
3, 41
Let l(d) = 8*d**2 - 6*d + 5. Let q(g) = g - 1. Let b be q(4). List the prime factors of l(b).
59
List the prime factors of 6/5 + -1 + 12698/10.
2, 5, 127
Let q(c) = 3*c + 23. Let s be q(-7). Suppose -k + 5*z = -2*k + 137, 3*k - s*z = 326. What are the prime factors of k?
2, 7
Let c = 1385 + 1079. List the prime factors of c.
2, 7, 11
Suppose -5*p = 4*t - 1544, -2*t - 8*p = -4*p - 772. List the prime factors of t.
2, 193
Let v(i) = i**2 - 7*i + 13. Let b(l) = l + 1. Let h(y) = 3*b(y) - v(y). Let o be h(9). What are the prime factors of 30 + (-3)/1 + o?
2, 13
Let a(h) = 48*h**3 + 4*h**2 - h + 2. Let o(t) = -47*t**3 - 5*t**2 + t - 2. Let d(j) = 6*a(j) + 5*o(j). What are the prime factors of d(1)?
53
Let m(z) be the first derivative of -z**5/20 + z**4/12 - z**3/6 + z**2 - 3*z + 6. Let g(p) be the first derivative of m(p). List the prime factors of g(0).
2
Let j be 2*-13*20/(-8). Let n be 1 + 3 + -3 + j. Let m = 105 - n. What are the prime factors of m?
3, 13
Let k(x) = -x**3 - 3*x**2 + 5*x - 14. Let b(s) = -s**3 + 4*s**2 + 6*s + 8. Let g be b(5). Let n = -19 + g. List the prime factors of k(n).
2
Suppose 4*t = 5*s + 9, 2*t + 2 = -5*s + s. Suppose -2*m - 4 = 2*m. What are the prime factors of 17/(s/(-1)) - m?
2, 3
Let q be (3 - (-30)/(-9))*9. Suppose -7*c + 0 + 14 = 0. What are the prime factors of (-3 - q) + (c - -1)?
3
Let r(y) = -y**2 - 19*y - 18. Let q be r(-18). Let o(a) = a**3 + 21. List the prime factors of o(q).
3, 7
Let p = 35 + -29. Let y(s) = 5*s + p*s - 13*s - 3. List the prime factors of y(-6).
3
Suppose 692 + 3908 = 5*b. List the prime factors of b.
2, 5, 23
Let g(s) = 8*s**2 + 26*s + 31. What are the prime factors of g(11)?
5, 257
List the prime factors of 372/4 + -9 - 3.
3
Suppose 0 